{"id":863,"date":"2023-12-28T14:13:47","date_gmt":"2023-12-28T13:13:47","guid":{"rendered":"https:\/\/psychotherapievalence.wordpress.com\/?page_id=863"},"modified":"2024-01-13T22:19:54","modified_gmt":"2024-01-13T21:19:54","slug":"ethique-et-deontologie","status":"publish","type":"page","link":"https:\/\/xn--psychothrapie-valence-i5b.fr\/index.php\/ethique-et-deontologie\/","title":{"rendered":"\u00c9thique et D\u00e9ontologie"},"content":{"rendered":"<nav class=\"is-responsive alignfull wp-block-navigation is-layout-flex wp-block-navigation-is-layout-flex\" aria-label=\"menu normalement principal Accueil\" \n\t\t data-wp-interactive=\"core\/navigation\" data-wp-context='{\"overlayOpenedBy\":{\"click\":false,\"hover\":false,\"focus\":false},\"type\":\"overlay\",\"roleAttribute\":\"\",\"ariaLabel\":\"Menu\"}'><button aria-haspopup=\"dialog\" aria-label=\"Ouvrir le menu\" class=\"wp-block-navigation__responsive-container-open \" \n\t\t\t\tdata-wp-on--click=\"actions.openMenuOnClick\"\n\t\t\t\tdata-wp-on--keydown=\"actions.handleMenuKeydown\"\n\t\t\t><svg width=\"24\" height=\"24\" xmlns=\"http:\/\/www.w3.org\/2000\/svg\" viewBox=\"0 0 24 24\" aria-hidden=\"true\" focusable=\"false\"><rect x=\"4\" y=\"7.5\" width=\"16\" height=\"1.5\" \/><rect x=\"4\" y=\"15\" width=\"16\" height=\"1.5\" \/><\/svg><\/button>\n\t\t\t\t<div class=\"wp-block-navigation__responsive-container  \" style=\"\" id=\"modal-1\" \n\t\t\t\tdata-wp-class--has-modal-open=\"state.isMenuOpen\"\n\t\t\t\tdata-wp-class--is-menu-open=\"state.isMenuOpen\"\n\t\t\t\tdata-wp-watch=\"callbacks.initMenu\"\n\t\t\t\tdata-wp-on--keydown=\"actions.handleMenuKeydown\"\n\t\t\t\tdata-wp-on--focusout=\"actions.handleMenuFocusout\"\n\t\t\t\ttabindex=\"-1\"\n\t\t\t>\n\t\t\t\t\t<div class=\"wp-block-navigation__responsive-close\" tabindex=\"-1\">\n\t\t\t\t\t\t<div class=\"wp-block-navigation__responsive-dialog\" \n\t\t\t\tdata-wp-bind--aria-modal=\"state.ariaModal\"\n\t\t\t\tdata-wp-bind--aria-label=\"state.ariaLabel\"\n\t\t\t\tdata-wp-bind--role=\"state.roleAttribute\"\n\t\t\t>\n\t\t\t\t\t\t\t<button aria-label=\"Fermer le menu\" class=\"wp-block-navigation__responsive-container-close\" \n\t\t\t\tdata-wp-on--click=\"actions.closeMenuOnClick\"\n\t\t\t><svg xmlns=\"http:\/\/www.w3.org\/2000\/svg\" viewBox=\"0 0 24 24\" width=\"24\" height=\"24\" aria-hidden=\"true\" focusable=\"false\"><path d=\"M13 11.8l6.1-6.3-1-1-6.1 6.2-6.1-6.2-1 1 6.1 6.3-6.5 6.7 1 1 6.5-6.6 6.5 6.6 1-1z\"><\/path><\/svg><\/button>\n\t\t\t\t\t\t\t<div class=\"wp-block-navigation__responsive-container-content\" \n\t\t\t\tdata-wp-watch=\"callbacks.focusFirstElement\"\n\t\t\t id=\"modal-1-content\">\n\t\t\t\t\t\t\t\t<ul class=\"wp-block-navigation__container is-responsive alignfull wp-block-navigation\"><li class=\"wp-block-navigation-item\"><div class=\"wp-block-site-logo\"><a href=\"https:\/\/xn--psychothrapie-valence-i5b.fr\/\" class=\"custom-logo-link\" rel=\"home\"><img decoding=\"async\" width=\"73\" height=\"54\" src=\"https:\/\/xn--psychothrapie-valence-i5b.fr\/wp-content\/uploads\/2023\/12\/illustration_sans_titre-edited.png\" class=\"custom-logo\" alt=\" Ma\u00eblle Psychopraticienne certifi\u00e9e\" srcset=\"https:\/\/xn--psychothrapie-valence-i5b.fr\/wp-content\/uploads\/2023\/12\/illustration_sans_titre-edited.png 751w, https:\/\/xn--psychothrapie-valence-i5b.fr\/wp-content\/uploads\/2023\/12\/illustration_sans_titre-edited-300x225.png 300w\" sizes=\"(max-width: 73px) 100vw, 73px\" \/><\/a><\/div><\/li><li class=\"wp-block-navigation-item\"><h1 class=\"wp-block-site-title\"><a href=\"https:\/\/xn--psychothrapie-valence-i5b.fr\" target=\"_self\" rel=\"home\"> Ma\u00eblle Psychopraticienne certifi\u00e9e<\/a><\/h1><\/li><li data-wp-context=\"{ &quot;submenuOpenedBy&quot;: { &quot;click&quot;: false, &quot;hover&quot;: false, &quot;focus&quot;: false }, &quot;type&quot;: &quot;submenu&quot; }\" data-wp-interactive=\"core\/navigation\" data-wp-on--focusout=\"actions.handleMenuFocusout\" data-wp-on--keydown=\"actions.handleMenuKeydown\" data-wp-on--mouseenter=\"actions.openMenuOnHover\" data-wp-on--mouseleave=\"actions.closeMenuOnHover\" data-wp-watch=\"callbacks.initMenu\" tabindex=\"-1\" class=\" wp-block-navigation-item has-child open-on-hover-click wp-block-navigation-submenu\"><a class=\"wp-block-navigation-item__content\" href=\"https:\/\/psychoth\u00e9rapie-valence.fr\/index.php\/entamer-une-psychotherapie\/\">Entamer une psychoth\u00e9rapie ?<\/a><button data-wp-bind--aria-expanded=\"state.isMenuOpen\" data-wp-on--click=\"actions.toggleMenuOnClick\" aria-label=\"Sous-menu Entamer une psychoth\u00e9rapie ?\" class=\"wp-block-navigation__submenu-icon wp-block-navigation-submenu__toggle\" ><svg xmlns=\"http:\/\/www.w3.org\/2000\/svg\" width=\"12\" height=\"12\" viewBox=\"0 0 12 12\" fill=\"none\" aria-hidden=\"true\" focusable=\"false\"><path d=\"M1.50002 4L6.00002 8L10.5 4\" stroke-width=\"1.5\"><\/path><\/svg><\/button><ul data-wp-on--focus=\"actions.openMenuOnFocus\" class=\"wp-block-navigation__submenu-container has-text-color has-contrast-color wp-block-navigation-submenu has-text-color has-contrast-color\"><li class=\" wp-block-navigation-item wp-block-navigation-link\"><a class=\"wp-block-navigation-item__content\"  href=\"https:\/\/xn--psychothrapie-valence-i5b.fr\/index.php\/cest-quoi-lapproche-existentielle-en-psychotherapie\/\"><span class=\"wp-block-navigation-item__label\">C\u2019est quoi l\u2019approche existentielle en psychoth\u00e9rapie ?<\/span><\/a><\/li><\/ul><\/li><li class=\" wp-block-navigation-item wp-block-navigation-link\"><a class=\"wp-block-navigation-item__content\"  href=\"https:\/\/xn--psychothrapie-valence-i5b.fr\/index.php\/prise-de-contact\/\"><span class=\"wp-block-navigation-item__label\">Comment prendre RDV?<\/span><\/a><\/li><li data-wp-context=\"{ &quot;submenuOpenedBy&quot;: { &quot;click&quot;: false, &quot;hover&quot;: false, &quot;focus&quot;: false }, &quot;type&quot;: &quot;submenu&quot; }\" data-wp-interactive=\"core\/navigation\" data-wp-on--focusout=\"actions.handleMenuFocusout\" data-wp-on--keydown=\"actions.handleMenuKeydown\" data-wp-on--mouseenter=\"actions.openMenuOnHover\" data-wp-on--mouseleave=\"actions.closeMenuOnHover\" data-wp-watch=\"callbacks.initMenu\" tabindex=\"-1\" class=\" wp-block-navigation-item has-child open-on-hover-click wp-block-navigation-submenu has-text-color has-contrast-color\"><a class=\"wp-block-navigation-item__content\" href=\"https:\/\/xn--psychothrapie-valence-i5b.fr\/index.php\/qui-suis-je\/\">Qui suis-je ?<\/a><button data-wp-bind--aria-expanded=\"state.isMenuOpen\" data-wp-on--click=\"actions.toggleMenuOnClick\" aria-label=\"Sous-menu Qui suis-je ?\" class=\"wp-block-navigation__submenu-icon wp-block-navigation-submenu__toggle\" ><svg xmlns=\"http:\/\/www.w3.org\/2000\/svg\" width=\"12\" height=\"12\" viewBox=\"0 0 12 12\" fill=\"none\" aria-hidden=\"true\" focusable=\"false\"><path d=\"M1.50002 4L6.00002 8L10.5 4\" stroke-width=\"1.5\"><\/path><\/svg><\/button><ul data-wp-on--focus=\"actions.openMenuOnFocus\" class=\"wp-block-navigation__submenu-container has-text-color has-contrast-color wp-block-navigation-submenu has-text-color has-contrast-color\"><li class=\" wp-block-navigation-item wp-block-navigation-link\"><a class=\"wp-block-navigation-item__content\"  href=\"https:\/\/xn--psychothrapie-valence-i5b.fr\/index.php\/ethique-et-deontologie\/\"><span class=\"wp-block-navigation-item__label\">\u00c9thique et D\u00e9ontologie<\/span><\/a><\/li><\/ul><\/li><li class=\" wp-block-navigation-item wp-block-navigation-link\"><a class=\"wp-block-navigation-item__content\"  href=\"https:\/\/xn--psychothrapie-valence-i5b.fr\/index.php\/mentions-legales\/\"><span class=\"wp-block-navigation-item__label\">Mentions l\u00e9gales<\/span><\/a><\/li><\/ul>\n\t\t\t\t\t\t\t<\/div>\n\t\t\t\t\t\t<\/div>\n\t\t\t\t\t<\/div>\n\t\t\t\t<\/div><\/nav>\n\n\n<hr class=\"wp-block-separator alignfull has-text-color has-alpha-channel-opacity has-background\" style=\"background-color:#f33d5b;color:#f33d5b\"\/>\n\n\n\n<div class=\"wp-block-cover alignfull has-parallax is-repeated\" style=\"min-height:917px;aspect-ratio:unset;aspect-ratio:unset;\"><span aria-hidden=\"true\" class=\"wp-block-cover__background has-background-dim wp-block-cover__gradient-background has-background-gradient\" style=\"background:linear-gradient(135deg,rgb(148,160,164) 0%,rgb(253,222,193) 100%)\"><\/span><div class=\"wp-block-cover__image-background wp-image-290 has-parallax is-repeated\" style=\"background-position:57% 55%;background-image:url(https:\/\/xn--psychothrapie-valence-i5b.fr\/wp-content\/uploads\/2023\/12\/5100.jpeg)\"><\/div><div class=\"wp-block-cover__inner-container has-global-padding is-layout-constrained wp-block-cover-is-layout-constrained\">\n<div class=\"wp-block-group alignfull has-background is-layout-flow wp-block-group-is-layout-flow\" style=\"background:linear-gradient(135deg,rgba(0,0,0,0.88) 0%,rgba(155,81,224,0) 100%)\">\n<h2 class=\"wp-block-heading\" style=\"font-size:clamp(27.42px, 1.714rem + ((1vw - 3.2px) * 2.04), 47px);font-style:normal;font-weight:700\">En tant que th\u00e9rapeute je m&rsquo;engage :<\/h2>\n\n\n\n<div style=\"height:68px\" aria-hidden=\"true\" class=\"wp-block-spacer\"><\/div>\n\n\n\n<div class=\"wp-block-columns is-layout-flex wp-container-core-columns-is-layout-1 wp-block-columns-is-layout-flex\">\n<div class=\"wp-block-column is-layout-flow wp-block-column-is-layout-flow\" style=\"flex-basis:25%\">\n<p class=\"margin-bottom-none\" style=\"font-size:clamp(57.838px, 3.615rem + ((1vw - 3.2px) * 6.475), 120px);px;font-style:normal;font-weight:700;line-height:0.8\">01<\/p>\n\n\n\n<div class=\"wp-block-group is-layout-flow wp-container-core-group-is-layout-1 wp-block-group-is-layout-flow\">\n<hr class=\"wp-block-separator has-css-opacity is-style-wide margin-top-none margin-bottom-none\"\/>\n\n\n\n<h3 class=\"wp-block-heading is-style-default has-text-color has-link-color wp-elements-66b67f89f9186529ef2df67a1319170e\" style=\"color:#f33d5b;margin-top:16px;margin-bottom:0px;font-size:clamp(16.293px, 1.018rem + ((1vw - 3.2px) * 0.907), 25px);px;font-style:normal;font-weight:700;line-height:1.3\">Au respect<\/h3>\n\n\n\n<p><\/p>\n\n\n\n<p class=\"has-medium-font-size\">Au respect des diversit\u00e9s, de l\u2019\u00e9galit\u00e9 et de la dignit\u00e9 des individus, ainsi qu\u2019\u00e0 celui de leur\u2002libert\u00e9 et leur intimit\u00e9.<\/p>\n<\/div>\n<\/div>\n\n\n\n<div class=\"wp-block-column is-layout-flow wp-block-column-is-layout-flow\" style=\"flex-basis:25%\">\n<p class=\"margin-bottom-none\" style=\"font-size:clamp(57.838px, 3.615rem + ((1vw - 3.2px) * 6.475), 120px);px;font-style:normal;font-weight:700;line-height:0.8\">02<\/p>\n\n\n\n<div class=\"wp-block-group is-layout-flow wp-container-core-group-is-layout-2 wp-block-group-is-layout-flow\">\n<hr class=\"wp-block-separator has-css-opacity is-style-wide margin-top-none margin-bottom-none\"\/>\n\n\n\n<h3 class=\"wp-block-heading is-style-default has-text-color has-link-color wp-elements-fcb3be9951d1e569ecc8c96bd4befb9b\" style=\"color:#f33d5b;margin-top:10px;margin-bottom:10px;font-size:clamp(16.293px, 1.018rem + ((1vw - 3.2px) * 0.907), 25px);px;font-style:normal;font-weight:700;line-height:1.3\">A communiquer<\/h3>\n\n\n\n<p><\/p>\n\n\n\n<p class=\"has-medium-font-size\">\u00c0 communiquer de mani\u00e8re claire sur mon cadre de pratique. J\u2019accepte de r\u00e9aliser des accompagnements adapt\u00e9s \u00e0 ma formation et mes comp\u00e9tences. Je m\u2019engage \u00e0 orienter les personnes vers d\u2019autres praticiens si les limites de ma comp\u00e9tence professionnelle l\u2019indiquent.<\/p>\n<\/div>\n<\/div>\n\n\n\n<div class=\"wp-block-column is-layout-flow wp-block-column-is-layout-flow\" style=\"flex-basis:25%\">\n<p class=\"margin-bottom-none\" style=\"font-size:clamp(57.838px, 3.615rem + ((1vw - 3.2px) * 6.475), 120px);px;font-style:normal;font-weight:700;line-height:0.8\">03<\/p>\n\n\n\n<div class=\"wp-block-group is-layout-flow wp-container-core-group-is-layout-3 wp-block-group-is-layout-flow\">\n<hr class=\"wp-block-separator has-css-opacity is-style-wide margin-top-none margin-bottom-none\"\/>\n\n\n\n<h3 class=\"wp-block-heading is-style-default has-text-color has-link-color wp-elements-448c71014a9647ac6225cff8ad51f430\" style=\"color:#f33d5b;margin-top:10px;margin-bottom:10px;font-size:clamp(16.293px, 1.018rem + ((1vw - 3.2px) * 0.907), 25px);px;font-style:normal;font-weight:700;line-height:1.3\">A prot\u00e9ger<\/h3>\n\n\n\n<p><\/p>\n\n\n\n<p class=\"has-text-align-left has-medium-font-size\" style=\"line-height:1.5\">\u00c0 Prot\u00e9ger et pr\u00e9server dans le cadre des limites juridiques et \u00e9thiques la confidentialit\u00e9 des informations obtenues dans le cadre de l\u2019exercice professionnel. Ainsi qu\u2019\u00e0 prot\u00e9ger le bien \u00eatre et l\u2019anonymat des consultants.<\/p>\n<\/div>\n<\/div>\n\n\n\n<div class=\"wp-block-column is-layout-flow wp-block-column-is-layout-flow\" style=\"flex-basis:25%\">\n<p class=\"margin-bottom-none\" style=\"font-size:clamp(57.838px, 3.615rem + ((1vw - 3.2px) * 6.475), 120px);px;font-style:normal;font-weight:700;line-height:0.8\">04<\/p>\n\n\n\n<div class=\"wp-block-group is-layout-flow wp-container-core-group-is-layout-4 wp-block-group-is-layout-flow\">\n<hr class=\"wp-block-separator has-css-opacity is-style-wide margin-top-none margin-bottom-none\"\/>\n\n\n\n<h3 class=\"wp-block-heading is-style-default has-text-color has-link-color wp-elements-80631a1906bd278b18cd2b002f55aece\" style=\"color:#f33d5b;margin-top:10px;margin-bottom:10px;font-size:clamp(16.293px, 1.018rem + ((1vw - 3.2px) * 0.907), 25px);px;font-style:normal;font-weight:700;line-height:1.3\">Avoir recours<\/h3>\n\n\n\n<p><\/p>\n\n\n\n<p class=\"has-text-align-left has-medium-font-size\" style=\"line-height:1.5\">\u00c0 avoir recours \u00e0 une supervision r\u00e9guli\u00e8re de ma pratique par un tiers qualifi\u00e9, actualisermes connaissances et pratiques en me tenant inform\u00e9e des\u2002recherches et des avanc\u00e9e dans mon domaine d\u2019application et en suivant des actions de formation continue.<\/p>\n<\/div>\n<\/div>\n<\/div>\n<\/div>\n<\/div><\/div>\n\n\n\n<div style=\"height:35px\" aria-hidden=\"true\" class=\"wp-block-spacer\"><\/div>\n\n\n\n\n","protected":false},"excerpt":{"rendered":"","protected":false},"author":1,"featured_media":0,"parent":0,"menu_order":0,"comment_status":"closed","ping_status":"closed","template":"","meta":{"_monsterinsights_skip_tracking":false,"_monsterinsights_sitenote_active":false,"_monsterinsights_sitenote_note":"","_monsterinsights_sitenote_category":0,"footnotes":""},"class_list":["post-863","page","type-page","status-publish","hentry"],"yoast_head":"<!-- This site is optimized with the Yoast SEO plugin v22.4 - https:\/\/yoast.com\/wordpress\/plugins\/seo\/ -->\n<title>\u00c9thique et D\u00e9ontologie - Ma\u00eblle Psychopraticienne certifi\u00e9e<\/title>\n<meta name=\"robots\" content=\"index, follow, max-snippet:-1, max-image-preview:large, max-video-preview:-1\" \/>\n<link rel=\"canonical\" href=\"https:\/\/xn--psychothrapie-valence-i5b.fr\/index.php\/ethique-et-deontologie\/\" \/>\n<meta property=\"og:locale\" content=\"fr_FR\" \/>\n<meta property=\"og:type\" content=\"article\" \/>\n<meta property=\"og:title\" content=\"\u00c9thique et D\u00e9ontologie - Ma\u00eblle Psychopraticienne certifi\u00e9e\" \/>\n<meta property=\"og:url\" content=\"https:\/\/xn--psychothrapie-valence-i5b.fr\/index.php\/ethique-et-deontologie\/\" \/>\n<meta property=\"og:site_name\" content=\"Ma\u00eblle Psychopraticienne certifi\u00e9e\" \/>\n<meta property=\"article:modified_time\" content=\"2024-01-13T21:19:54+00:00\" \/>\n<meta name=\"twitter:card\" content=\"summary_large_image\" \/>\n<meta name=\"twitter:label1\" content=\"Dur\u00e9e de lecture estim\u00e9e\" \/>\n\t<meta name=\"twitter:data1\" content=\"1 minute\" \/>\n<script type=\"application\/ld+json\" class=\"yoast-schema-graph\">{\"@context\":\"https:\/\/schema.org\",\"@graph\":[{\"@type\":\"WebPage\",\"@id\":\"https:\/\/xn--psychothrapie-valence-i5b.fr\/index.php\/ethique-et-deontologie\/\",\"url\":\"https:\/\/xn--psychothrapie-valence-i5b.fr\/index.php\/ethique-et-deontologie\/\",\"name\":\"\u00c9thique et D\u00e9ontologie - Ma\u00eblle Psychopraticienne certifi\u00e9e\",\"isPartOf\":{\"@id\":\"https:\/\/xn--psychothrapie-valence-i5b.fr\/#website\"},\"datePublished\":\"2023-12-28T13:13:47+00:00\",\"dateModified\":\"2024-01-13T21:19:54+00:00\",\"breadcrumb\":{\"@id\":\"https:\/\/xn--psychothrapie-valence-i5b.fr\/index.php\/ethique-et-deontologie\/#breadcrumb\"},\"inLanguage\":\"fr-FR\",\"potentialAction\":[{\"@type\":\"ReadAction\",\"target\":[\"https:\/\/xn--psychothrapie-valence-i5b.fr\/index.php\/ethique-et-deontologie\/\"]}]},{\"@type\":\"BreadcrumbList\",\"@id\":\"https:\/\/xn--psychothrapie-valence-i5b.fr\/index.php\/ethique-et-deontologie\/#breadcrumb\",\"itemListElement\":[{\"@type\":\"ListItem\",\"position\":1,\"name\":\"Accueil\",\"item\":\"https:\/\/xn--psychothrapie-valence-i5b.fr\/\"},{\"@type\":\"ListItem\",\"position\":2,\"name\":\"\u00c9thique et D\u00e9ontologie\"}]},{\"@type\":\"WebSite\",\"@id\":\"https:\/\/xn--psychothrapie-valence-i5b.fr\/#website\",\"url\":\"https:\/\/xn--psychothrapie-valence-i5b.fr\/\",\"name\":\"Ma\u00eblle Psychopraticienne certifi\u00e9e\",\"description\":\"\",\"publisher\":{\"@id\":\"https:\/\/xn--psychothrapie-valence-i5b.fr\/#\/schema\/person\/221ae9dcd07fc25115b495a02707a9c9\"},\"potentialAction\":[{\"@type\":\"SearchAction\",\"target\":{\"@type\":\"EntryPoint\",\"urlTemplate\":\"https:\/\/xn--psychothrapie-valence-i5b.fr\/?s={search_term_string}\"},\"query-input\":\"required name=search_term_string\"}],\"inLanguage\":\"fr-FR\"},{\"@type\":[\"Person\",\"Organization\"],\"@id\":\"https:\/\/xn--psychothrapie-valence-i5b.fr\/#\/schema\/person\/221ae9dcd07fc25115b495a02707a9c9\",\"name\":\"xn--psychothrapie-valence-i5b.fr\",\"image\":{\"@type\":\"ImageObject\",\"inLanguage\":\"fr-FR\",\"@id\":\"https:\/\/xn--psychothrapie-valence-i5b.fr\/#\/schema\/person\/image\/\",\"url\":\"https:\/\/xn--psychothrapie-valence-i5b.fr\/wp-content\/uploads\/2023\/12\/illustration_sans_titre-edited.png\",\"contentUrl\":\"https:\/\/xn--psychothrapie-valence-i5b.fr\/wp-content\/uploads\/2023\/12\/illustration_sans_titre-edited.png\",\"width\":751,\"height\":563,\"caption\":\"xn--psychothrapie-valence-i5b.fr\"},\"logo\":{\"@id\":\"https:\/\/xn--psychothrapie-valence-i5b.fr\/#\/schema\/person\/image\/\"},\"sameAs\":[\"https:\/\/xn--psychothrapie-valence-i5b.fr\"]}]}<\/script>\n<!-- \/ Yoast SEO plugin. -->","yoast_head_json":{"title":"\u00c9thique et D\u00e9ontologie - Ma\u00eblle Psychopraticienne certifi\u00e9e","robots":{"index":"index","follow":"follow","max-snippet":"max-snippet:-1","max-image-preview":"max-image-preview:large","max-video-preview":"max-video-preview:-1"},"canonical":"https:\/\/xn--psychothrapie-valence-i5b.fr\/index.php\/ethique-et-deontologie\/","og_locale":"fr_FR","og_type":"article","og_title":"\u00c9thique et D\u00e9ontologie - Ma\u00eblle Psychopraticienne certifi\u00e9e","og_url":"https:\/\/xn--psychothrapie-valence-i5b.fr\/index.php\/ethique-et-deontologie\/","og_site_name":"Ma\u00eblle Psychopraticienne certifi\u00e9e","article_modified_time":"2024-01-13T21:19:54+00:00","twitter_card":"summary_large_image","twitter_misc":{"Dur\u00e9e de lecture estim\u00e9e":"1 minute"},"schema":{"@context":"https:\/\/schema.org","@graph":[{"@type":"WebPage","@id":"https:\/\/xn--psychothrapie-valence-i5b.fr\/index.php\/ethique-et-deontologie\/","url":"https:\/\/xn--psychothrapie-valence-i5b.fr\/index.php\/ethique-et-deontologie\/","name":"\u00c9thique et D\u00e9ontologie - Ma\u00eblle Psychopraticienne certifi\u00e9e","isPartOf":{"@id":"https:\/\/xn--psychothrapie-valence-i5b.fr\/#website"},"datePublished":"2023-12-28T13:13:47+00:00","dateModified":"2024-01-13T21:19:54+00:00","breadcrumb":{"@id":"https:\/\/xn--psychothrapie-valence-i5b.fr\/index.php\/ethique-et-deontologie\/#breadcrumb"},"inLanguage":"fr-FR","potentialAction":[{"@type":"ReadAction","target":["https:\/\/xn--psychothrapie-valence-i5b.fr\/index.php\/ethique-et-deontologie\/"]}]},{"@type":"BreadcrumbList","@id":"https:\/\/xn--psychothrapie-valence-i5b.fr\/index.php\/ethique-et-deontologie\/#breadcrumb","itemListElement":[{"@type":"ListItem","position":1,"name":"Accueil","item":"https:\/\/xn--psychothrapie-valence-i5b.fr\/"},{"@type":"ListItem","position":2,"name":"\u00c9thique et D\u00e9ontologie"}]},{"@type":"WebSite","@id":"https:\/\/xn--psychothrapie-valence-i5b.fr\/#website","url":"https:\/\/xn--psychothrapie-valence-i5b.fr\/","name":"Ma\u00eblle Psychopraticienne certifi\u00e9e","description":"","publisher":{"@id":"https:\/\/xn--psychothrapie-valence-i5b.fr\/#\/schema\/person\/221ae9dcd07fc25115b495a02707a9c9"},"potentialAction":[{"@type":"SearchAction","target":{"@type":"EntryPoint","urlTemplate":"https:\/\/xn--psychothrapie-valence-i5b.fr\/?s={search_term_string}"},"query-input":"required name=search_term_string"}],"inLanguage":"fr-FR"},{"@type":["Person","Organization"],"@id":"https:\/\/xn--psychothrapie-valence-i5b.fr\/#\/schema\/person\/221ae9dcd07fc25115b495a02707a9c9","name":"xn--psychothrapie-valence-i5b.fr","image":{"@type":"ImageObject","inLanguage":"fr-FR","@id":"https:\/\/xn--psychothrapie-valence-i5b.fr\/#\/schema\/person\/image\/","url":"https:\/\/xn--psychothrapie-valence-i5b.fr\/wp-content\/uploads\/2023\/12\/illustration_sans_titre-edited.png","contentUrl":"https:\/\/xn--psychothrapie-valence-i5b.fr\/wp-content\/uploads\/2023\/12\/illustration_sans_titre-edited.png","width":751,"height":563,"caption":"xn--psychothrapie-valence-i5b.fr"},"logo":{"@id":"https:\/\/xn--psychothrapie-valence-i5b.fr\/#\/schema\/person\/image\/"},"sameAs":["https:\/\/xn--psychothrapie-valence-i5b.fr"]}]}},"jetpack_sharing_enabled":true,"_links":{"self":[{"href":"https:\/\/xn--psychothrapie-valence-i5b.fr\/index.php\/wp-json\/wp\/v2\/pages\/863","targetHints":{"allow":["GET"]}}],"collection":[{"href":"https:\/\/xn--psychothrapie-valence-i5b.fr\/index.php\/wp-json\/wp\/v2\/pages"}],"about":[{"href":"https:\/\/xn--psychothrapie-valence-i5b.fr\/index.php\/wp-json\/wp\/v2\/types\/page"}],"author":[{"embeddable":true,"href":"https:\/\/xn--psychothrapie-valence-i5b.fr\/index.php\/wp-json\/wp\/v2\/users\/1"}],"replies":[{"embeddable":true,"href":"https:\/\/xn--psychothrapie-valence-i5b.fr\/index.php\/wp-json\/wp\/v2\/comments?post=863"}],"version-history":[{"count":9,"href":"https:\/\/xn--psychothrapie-valence-i5b.fr\/index.php\/wp-json\/wp\/v2\/pages\/863\/revisions"}],"predecessor-version":[{"id":2175,"href":"https:\/\/xn--psychothrapie-valence-i5b.fr\/index.php\/wp-json\/wp\/v2\/pages\/863\/revisions\/2175"}],"wp:attachment":[{"href":"https:\/\/xn--psychothrapie-valence-i5b.fr\/index.php\/wp-json\/wp\/v2\/media?parent=863"}],"curies":[{"name":"wp","href":"https:\/\/api.w.org\/{rel}","templated":true}]}}